n factor of 154 and q?
14
Suppose 4*a - 4 = -0*a. What is the greatest common divisor of a and 4?
1
Let y = 6 - 1. Suppose y*h - 15 = 0, -4*h + h = -5*z + 6. Suppose 0 = -0*u - z*u, -5*d = -2*u - 75. Calculate the highest common divisor of d and 135.
15
Suppose 123 = -4*y - 49. Let k = 61 + y. Let h be 9/(-2)*(-12)/2. Calculate the highest common factor of k and h.
9
Suppose -4*y + 2 + 6 = 0. Let v(p) = p - 8. Let d be v(6). Let u = d + 3. Calculate the greatest common divisor of u and y.
1
Suppose 11*v = 16*v - 40. Suppose -3*z = 3, 4*w = -z + 32 - 1. What is the greatest common factor of v and w?
8
Let g be 179/4 - (-2)/8. Calculate the greatest common factor of 9 and g.
9
Suppose 1301 = 2*d + 3*d - r, -3*r = -4*d + 1032. What is the highest common divisor of 29 and d?
29
Let m be -1*(-18 + 2) + -4. Suppose 2*r - i - 316 + 103 = 0, -3*i + 549 = 5*r. Calculate the greatest common divisor of r and m.
12
Suppose 2 + 0 = x. Suppose x*u - 6 = -0*f - 2*f, -3*u + 2*f = -14. Calculate the highest common divisor of u and 44.
4
Let z = -105 - -230. What is the greatest common divisor of 75 and z?
25
Let u(l) = -1 - 3*l + 2 + 3*l + 20*l**2. Let a be u(-1). Calculate the highest common factor of 7 and a.
7
Let p(o) = 2*o**3 + 5*o**2 - 3*o. Let c = 12 - 9. Let a be p(c). Calculate the greatest common divisor of 10 and a.
10
Suppose 0 = 5*b - 774 + 214. Suppose b - 12 = 5*m. Calculate the greatest common divisor of 30 and m.
10
Suppose -105 = -4*k + 435. Suppose 0 = 5*g - 10*g + 20, -4*g = x - k. What is the greatest common factor of 17 and x?
17
Let o(q) = q**2 + 7*q - 5. Let w be o(-7). Let t = w + 13. Calculate the greatest common divisor of 8 and t.
8
Suppose 0*b + 21 = 4*b + j, 4*b - 5*j = 15. Let r = 50 - b. What is the highest common factor of 9 and r?
9
Let a = -364 - -690. Suppose -3*o - 11 = -a. What is the highest common divisor of 15 and o?
15
Let a(u) = u + 17. Let v(n) = 4. Let l(o) = -4*a(o) + 18*v(o). Let j be l(-11). Calculate the highest common divisor of 6 and j.
6
Let z = 150 - 133. What is the highest common divisor of 85 and z?
17
Let k = 337 + -225. Let p = k - 49. What is the greatest common factor of p and 7?
7
Let l(m) = -m**2 + 7*m + 8. Let u be l(7). Suppose -4*s + 50 = 4*c - 2*s, -3*c + 37 = s. What is the greatest common divisor of c and u?
4
Let b be (-5)/10 - 1/(-2). Suppose b = 5*c + 12 + 3, -3*k - 2*c = -114. Suppose -6*r + 3*r + 15 = 0. What is the highest common divisor of r and k?
5
Suppose -3*d + j + 151 = 0, -29 + 9 = -4*j. Calculate the highest common divisor of 26 and d.
26
Suppose -13 = -2*y + 1. Calculate the greatest common factor of y and 7.
7
Suppose r + 5*m = 2*r - 28, 0 = -4*m - 20. Calculate the greatest common divisor of r and 3.
3
Let t = -134 + 306. Let k be t/16 - 2/(-8). What is the highest common factor of k and 22?
11
Suppose -3*h = i - 16, -5*i + 0*h + 116 = -3*h. What is the highest common factor of 198 and i?
22
Suppose 5*h = 5*s - 5, -4*s = 4*h - 6*h - 14. Suppose 0 = -5*n + 44 + s. Calculate the highest common divisor of n and 10.
10
Let g be (-12)/18*(291/(-6) + -1). Calculate the greatest common divisor of 297 and g.
33
Suppose 0 = -3*m + 4 + 11. What is the greatest common factor of 55 and m?
5
Let s(l) be the third derivative of -l**5/60 + l**4/6 - l**3/3 + l**2. Let x be s(3). What is the highest common factor of x and 3?
1
Let n = 63 - 0. What is the greatest common factor of 7 and n?
7
Let y(f) be the third derivative of f**4/12 - f**3 - 2*f**2. Let l be y(9). Calculate the greatest common divisor of l and 18.
6
Suppose -4*f = -2*k - 52, -f - 3*k = k - 4. Calculate the greatest common factor of 36 and f.
12
Let b = 4 + 0. Suppose -1960 = -f - b*f. Let r be f/18 + 2/9. What is the highest common factor of 33 and r?
11
Let o = -10 + 45. Calculate the highest common factor of 28 and o.
7
Let h be (-2)/(-3)*(3 - 0). Suppose -4*b + 50 - h = 0. Calculate the greatest common divisor of b and 96.
12
Let d(u) = -76*u + 1. Let y be d(-1). Let l be (-44)/(-6) - (-23)/(-69). Calculate the highest common factor of l and y.
7
Suppose -48 = -3*f + 75. Suppose -f = 4*v - 105. Calculate the greatest common divisor of 2 and v.
2
Suppose 6*c + 54 - 198 = 0. Calculate the highest common divisor of c and 56.
8
Let r = 5 - 0. Suppose h + 8 = 5*h. Suppose -22 = -4*g - 2*o + 4, h*g + 5 = 5*o. Calculate the greatest common factor of r and g.
5
Let l(b) = -b**3 + 10*b**2 - 12*b + 9. Let r be l(9). Let t = 31 + r. What is the greatest common divisor of t and 104?
13
Let p(k) = -k**2 - 5*k + 2. Let x be p(-4). Let y(o) = 2*o**2 + 3*o + 3. Let w be y(-3). What is the greatest common divisor of w and x?
6
Let b(s) = s**3 - 4*s**2 - 5*s - 9. Let h be b(7). Let g = h + -47. What is the greatest common factor of g and 8?
8
Suppose -2*v + 2*q + 227 = -241, 2*q = 5*v - 1167. Let t = -128 + v. Calculate the highest common factor of 15 and t.
15
Let u(f) = f**2 - f. Let i be u(-2). What is the greatest common divisor of 66 and i?
6
Suppose 3*h = -0*h - 768. Let f = h + 366. What is the highest common divisor of f and 22?
22
Let i(m) = m**3 + 4*m**2 - 5*m + 12. Let q be i(6). Calculate the greatest common divisor of q and 38.
38
Let m be 4 - 20*(9 + -10). Let k(j) = -j + 216. Let a be k(0). Calculate the greatest common factor of m and a.
24
Let w(c) = -10*c + 223. Let i be w(22). Let f(m) = 8*m + 1. Let z be f(1). What is the highest common factor of z and i?
3
Let f be 2 + -4 + 32/1. Let s = -18 - -15. Let w be ((-20)/s)/(8/12). What is the greatest common factor of w and f?
10
Suppose -2*y = -0*y. Suppose 150 = 5*d - y*d. Suppose 17 = 2*k - 5*r, 7 = -k + 3*k + 5*r. What is the highest common divisor of k and d?
6
Let v(h) = -30*h + 6. Let w(o) = -o - 15. Let x be w(-11). Let t be v(x). Calculate the greatest common factor of t and 14.
14
Let z be 3/((-2)/((-2)/1)). Let t(x) = -1 - z*x + 2*x - x + 3*x. Let i be t(5). What is the greatest common divisor of i and 36?
4
Let z(k) = 2*k**2 + 2*k + 1. Let l be z(2). Let c = l - 9. Suppose -3*b = -3*w - 0 + 3, -c*b - w + 11 = 0. What is the greatest common factor of b and 6?
2
Let i be (-55)/(-10) + (-3)/(-6). What is the highest common divisor of i and 42?
6
Suppose -4*q + 504 + 352 = 0. Let y = q + -115. Calculate the greatest common factor of 9 and y.
9
Suppose -30 = -4*c + u, 5*c + 14 = -3*u + 43. Calculate the highest common factor of c and 7.
7
Let l = -12 - -8. Let v be 65/2*l/(-5). What is the highest common factor of 13 and v?
13
Let c = 6 - 3. Suppose 6*u = c*s + 3*u - 93, -s + 33 = -3*u. Suppose -l - 3 = 2*n - 16, 0 = -n - 4*l + 10. Calculate the highest common divisor of n and s.
6
Let u(i) = 5*i**2 - 1. Let t be u(1). What is the highest common factor of t and 32?
4
Let o = 138 + -96. Suppose -2*z + 0*z = -o. Let l(b) = -b**2 - 10*b - 9. Let f be l(-8). Calculate the greatest common divisor of z and f.
7
Suppose -87 - 147 = -4*b + 2*l, 0 = -l - 5. Suppose -3*o + 13 = -29. What is the highest common divisor of o and b?
14
Let l(w) = 2*w**2 + 2*w - 1. Let r be l(-2). Let f be 582/9 + 1/r. Calculate the greatest common divisor of f and 26.
13
Let j be (-6)/(-15) - (-2676)/10. Suppose -j = -3*s - 28. Suppose -s = -2*h - 3*h. What is the greatest common factor of 2 and h?
2
Suppose 145 = 4*l - u + 2*u, 0 = -2*l - 5*u + 95. What is the highest common factor of 14 and l?
7
Suppose 0 = -3*r + 8*r - 20. Suppose j + 19 = 5*u, 4*j - r*u + 2*u = -22. Let f be ((-4)/(-3))/(j/(-24)). What is the greatest common divisor of 12 and f?
4
Suppose -2*s - 400 = -o, 3*s + 3*o + 2*o + 600 = 0. Let d be s/(-6)*(-6)/(-5). Calculate the greatest common divisor of 60 and d.
20
Suppose 4*y + 3*s = 13, 4*s - 5 = -4*y + 3. Calculate the greatest common divisor of 7 and y.
7
Let b be ((-6)/(-4))/(3/8). Suppose -2*l + b*z = -4 - 2, 4*l + z = 39. What is the greatest common divisor of 18 and l?
9
Let s(x) = x**2 + 4*x - 4. Let b be s(-5). Let y be 2/(-1) - (b - 35). Calculate the highest common divisor of y and 352.
32
Let b be (-4 - -3) + 1*-28. Let p = -9 - b. Calculate the highest common factor of 40 and p.
20
Let b = -7 - -5. Let z be 7 + b + 1 + 1. Let j(d) = 5*d**2 - d + 1. Let m be j(-3). What is the greatest common factor of m and z?
7
Let c = -10 + 14. Suppose 30 = 4*z + 5*b - 1, -2*b -